{"id":4747,"date":"2025-09-08T18:30:18","date_gmt":"2025-09-08T16:30:18","guid":{"rendered":"https:\/\/www.grinnus.de\/wordpress\/?page_id=4747"},"modified":"2025-10-11T16:48:23","modified_gmt":"2025-10-11T14:48:23","slug":"kunst-und-gemaelde-von-michael-grinnus","status":"publish","type":"page","link":"https:\/\/www.grinnus.de\/wordpress\/kunst-und-gemaelde-von-michael-grinnus\/","title":{"rendered":"sub > \u00dcbersi > Kunst und Gem\u00e4lde"},"content":{"rendered":"<h2>Kunst und Gem\u00e4lde von Michael Grinnus<!-- \/wp:post-content --><\/h2>\n<!-- wp:metaslider\/slider {\"slideshowId\":1890} -->\n\n<!-- wp:paragraph {\"fontSize\":\"normal\"} -->\n<p class=\"has-normal-font-size\">Mein Name ist Michael Grinnus und ich bin freiberuflicher Maler, Illustrator und Designer und ich begeistere mich schon immer f\u00fcr fantastische Welten, Wesen und Abenteuergeschichten.\nAuf dieser Seite m\u00f6chte ich Ihnen anhand des hier nachfolgenden Sliders, ein paar meiner Arbeiten zeigen.<\/p>\n<!-- \/wp:paragraph -->\n\n<!-- wp:metaslider\/slider {\"slideshowId\":1890} -->\n\n<!-- \/wp:metaslider\/slider -->\n\n<!-- wp:paragraph {\"style\":{\"typography\":{\"fontSize\":25}}} \/-->\n\n<!-- wp:paragraph {\"fontSize\":\"normal\"} \/-->\n<h3>Hier finden Sie Links zu meinen Kunstprojekten:<\/h3>\n<!-- \/wp:metaslider\/slider -->\n\n<!-- wp:paragraph {\"fontSize\":\"normal\"} -->\n<p class=\"has-normal-font-size\">1. <a href=\"https:\/\/www.grinnus.de\/wordpress\/magic-art-von-michael-grinnus\/\" data-wplink-edit=\"true\">MagicART \u2013 Fantasy Popart von Michael Grinnus<\/a><\/p>\n<p class=\"has-normal-font-size\">2. <a href=\"https:\/\/www.grinnus.de\/wordpress\/gemaelde-von-grinnus-de-michael-grinnus\/\">Klassische Gem\u00e4lde von Michael Grinnus<\/a><\/p>\n<p class=\"has-normal-font-size\">3. <a href=\"https:\/\/www.grinnus.de\/wordpress\/wandgemaelde-von-grinnus-de-michael-grinnus\/\">Wandgem\u00e4lde von Michael Grinnus<\/a><\/p>\n<p class=\"has-normal-font-size\">4. <a href=\"https:\/\/www.grinnus.de\/wordpress\/theatermalerei-von-grinnus-de-michael-grinnus\/\">Theatermalerei von Michael Grinnus<\/a><\/p>\n<p class=\"has-normal-font-size\">5. <a href=\"https:\/\/www.grinnus.de\/wordpress\/fantasy-art-von-grinnus-de-michael-grinnus\/\">Fantasy-Gem\u00e4lde von Michael Grinnus<\/a><\/p>\n<!-- \/wp:paragraph -->\n\n<!-- wp:paragraph {\"fontSize\":\"normal\"} -->\n\n<!-- \/wp:paragraph -->\n\n<!-- wp:paragraph {\"fontSize\":\"normal\"} \/-->\n\n<!-- wp:paragraph {\"fontSize\":\"normal\"} -->\n<p class=\"has-normal-font-size\">Wenn Sie Interesse oder Fragen haben, so rufen Sie mich gerne an.\nFestnetz: 040 \/ 38610135<\/p>\n<!-- \/wp:paragraph -->\n\n<!-- wp:paragraph {\"fontSize\":\"normal\"} -->\n<p class=\"has-normal-font-size\">Viele Gr\u00fc\u00dfe, Michael Grinnus<\/p>","protected":false},"excerpt":{"rendered":"<p>Fantasy Comics &#038; Storys von Michael Grinnus<\/p>\n","protected":false},"author":1,"featured_media":0,"parent":0,"menu_order":10,"comment_status":"open","ping_status":"closed","template":"","meta":{"footnotes":""},"class_list":["post-4747","page","type-page","status-publish","hentry"],"_links":{"self":[{"href":"https:\/\/www.grinnus.de\/wordpress\/wp-json\/wp\/v2\/pages\/4747","targetHints":{"allow":["GET"]}}],"collection":[{"href":"https:\/\/www.grinnus.de\/wordpress\/wp-json\/wp\/v2\/pages"}],"about":[{"href":"https:\/\/www.grinnus.de\/wordpress\/wp-json\/wp\/v2\/types\/page"}],"author":[{"embeddable":true,"href":"https:\/\/www.grinnus.de\/wordpress\/wp-json\/wp\/v2\/users\/1"}],"replies":[{"embeddable":true,"href":"https:\/\/www.grinnus.de\/wordpress\/wp-json\/wp\/v2\/comments?post=4747"}],"version-history":[{"count":3,"href":"https:\/\/www.grinnus.de\/wordpress\/wp-json\/wp\/v2\/pages\/4747\/revisions"}],"predecessor-version":[{"id":4834,"href":"https:\/\/www.grinnus.de\/wordpress\/wp-json\/wp\/v2\/pages\/4747\/revisions\/4834"}],"wp:attachment":[{"href":"https:\/\/www.grinnus.de\/wordpress\/wp-json\/wp\/v2\/media?parent=4747"}],"curies":[{"name":"wp","href":"https:\/\/api.w.org\/{rel}","templated":true}]}}