{"id":2,"date":"2013-06-27T09:30:47","date_gmt":"2013-06-27T07:30:47","guid":{"rendered":"http:\/\/www.grinnus.de\/wordpress\/?page_id=2"},"modified":"2025-05-24T15:02:03","modified_gmt":"2025-05-24T13:02:03","slug":"impressum","status":"publish","type":"page","link":"https:\/\/www.grinnus.de\/wordpress\/impressum\/","title":{"rendered":"Kontakt u. Impressum"},"content":{"rendered":"\n<h2 class=\"wp-block-heading\" id=\"impressum-von-grinnus-de\">Impressum von grinnus.de<\/h2>\n\n\n<h4>Grinnus Advertising Character Design,\u00a0Michael Grinnus,<\/h4>\n<p><span class=\"mainfliess\"><b>Postanschrift:<\/b><br \/>Grinnus Advertising<br \/>Michael Grinnus<br \/>Nienkamp 47<br \/>22453 Hamburg<br \/>GERMANY<\/span><\/p>\n<p>Telefon: 040 \/ 38610135<br \/>E-Mail:\u00a0<a href=\"mailto:info@grinnus.de\">info@grinnus.de<\/a><\/p>\n<p>Steuer-Nr.: 45\/077\/01278<\/p>\n<p><b>Betreiber der Seite: <\/b><br \/>Inhaltlich Verantwortlicher gem\u00e4\u00df\u00a0\u00a7 55 Rundfunkstaatsvertrag (RStV):<br \/>Michael Grinnus, Freischaffender Designer und K\u00fcnstler (Nienkamp 47, 22453 Hamburg)<\/p>\n<p>\u00a9 Michael Grinnus 2021<\/p>\n<p><b>Hinweis:<\/b><br \/>Trotz sorgf\u00e4ltiger inhaltlicher Kontrolle \u00fcbernehmen wir keine Haftung f\u00fcr die Inhalte externer Links.<br \/>F\u00fcr den Inhalt der verlinkten Seiten sind ausschlie\u00dflich deren Betreiber verantwortlich.<\/p>\n<p><b>Keine Abmahnung ohne vorherigen Kontakt:<\/b><br \/>Sollte der Inhalt oder die Aufmachung dieser Seiten fremde Rechte Dritter oder gesetzliche Bestimmungen verletzen,<br \/>so bitten wir um eine entsprechende Nachricht ohne Kostennote.<br \/>Wir garantieren, dass die zu Recht beanstandeten Passagen unverz\u00fcglich entfernt werden,<br \/>ohne dass von Ihrer Seite die Einschaltung eines Rechtsbeistandes erforderlich ist.<\/p>\n<p>Dennoch von Ihnen ohne vorherige Kontaktaufnahme ausgel\u00f6ste Kosten werden wir<br \/>vollumf\u00e4nglich zur\u00fcckweisen und gegebenenfalls Gegenklage wegen<br \/>Verletzung vorgenannter Bestimmungen einreichen.<\/p>","protected":false},"excerpt":{"rendered":"<p>Impressum von grinnus.de Grinnus Advertising Character Design,\u00a0Michael Grinnus, Postanschrift:Grinnus AdvertisingMichael GrinnusNienkamp 4722453 HamburgGERMANY Telefon: 040 \/ 38610135E-Mail:\u00a0info@grinnus.de Steuer-Nr.: 45\/077\/01278 Betreiber der Seite: Inhaltlich Verantwortlicher gem\u00e4\u00df\u00a0\u00a7 55 Rundfunkstaatsvertrag (RStV):Michael Grinnus, Freischaffender &#8230;<\/p>\n","protected":false},"author":1,"featured_media":0,"parent":0,"menu_order":34,"comment_status":"closed","ping_status":"closed","template":"","meta":{"footnotes":""},"class_list":["post-2","page","type-page","status-publish","hentry"],"_links":{"self":[{"href":"https:\/\/www.grinnus.de\/wordpress\/wp-json\/wp\/v2\/pages\/2","targetHints":{"allow":["GET"]}}],"collection":[{"href":"https:\/\/www.grinnus.de\/wordpress\/wp-json\/wp\/v2\/pages"}],"about":[{"href":"https:\/\/www.grinnus.de\/wordpress\/wp-json\/wp\/v2\/types\/page"}],"author":[{"embeddable":true,"href":"https:\/\/www.grinnus.de\/wordpress\/wp-json\/wp\/v2\/users\/1"}],"replies":[{"embeddable":true,"href":"https:\/\/www.grinnus.de\/wordpress\/wp-json\/wp\/v2\/comments?post=2"}],"version-history":[{"count":23,"href":"https:\/\/www.grinnus.de\/wordpress\/wp-json\/wp\/v2\/pages\/2\/revisions"}],"predecessor-version":[{"id":2859,"href":"https:\/\/www.grinnus.de\/wordpress\/wp-json\/wp\/v2\/pages\/2\/revisions\/2859"}],"wp:attachment":[{"href":"https:\/\/www.grinnus.de\/wordpress\/wp-json\/wp\/v2\/media?parent=2"}],"curies":[{"name":"wp","href":"https:\/\/api.w.org\/{rel}","templated":true}]}}